and 222.
111
Suppose -5*f = -10, p - 12*f + 10*f = 568. What is the greatest common divisor of 44 and p?
44
Let x(k) = 14*k**2 + 40*k - 68. Let z be x(3). Let u be 4/(-16) - 9615/(-12). Calculate the highest common factor of u and z.
89
Let r be (-24)/(-6) - (-8 + -3). Suppose -2*y + i + r = 0, 4*y + 0*y + i - 27 = 0. What is the greatest common factor of 14 and y?
7
Let k = 242 + -241. Let h be ((-9)/(-9))/(k/99). Calculate the highest common factor of h and 3.
3
Let x(q) = 56*q**2 - 8*q + 5. Let y be x(1). Calculate the greatest common factor of y and 1643.
53
Let t = 11327 - 11166. What is the greatest common divisor of 1242 and t?
23
Suppose 9*q = 15*q + 96. Let d = 33 + q. Suppose 585 = -14*j + d*j. Calculate the highest common factor of j and 15.
15
Suppose -4*u + 5*q + 7240 = 7*q, 0 = 2*u + 5*q - 3628. Calculate the greatest common factor of 134 and u.
67
Let i = 7428 - 6588. Calculate the highest common factor of 3192 and i.
168
Let m be 6 - 0 - (-11)/(22/28). Suppose 16 = 5*k - 189. Suppose -k - 109 = -3*o. Calculate the greatest common divisor of o and m.
10
Let s = -6650 + 6842. What is the highest common factor of 224 and s?
32
Let i be (-7)/(-6) + -3*2/36. Let z be (220/(-15))/(22/(-18) + i). What is the highest common divisor of 66 and z?
66
Suppose 0 = -5*r - 2*t + 11, 2*r + 2*r - 4 = -4*t. Suppose -r*x = -16 - 2. Calculate the highest common factor of 114 and x.
6
Let b(j) = -j + 4. Let l be b(-6). Suppose 23*a + 400 = 4*s + 20*a, -4*s - 2*a + 400 = 0. What is the greatest common factor of s and l?
10
Let m(x) = -102*x + 1241. Let r be m(12). What is the highest common divisor of 13 and r?
1
Suppose 0 = 2*y - 7 - 1. Let q(p) = -4*p + 72. Let f be q(18). Suppose -5*b + 29 + 111 = f. Calculate the greatest common factor of b and y.
4
Suppose 0 = -10*f + 6499 + 2081. What is the greatest common divisor of 33 and f?
33
Let g = 7280 + -6535. What is the greatest common divisor of 596 and g?
149
Let c(u) = u**3 + u**2 - 3*u + 92. Let m be c(-5). What is the highest common factor of 224 and m?
7
Let s(z) = z**2 - 8*z. Let t be s(4). Let g(u) = u**2 + 17*u + 20. Let w be g(t). Let d be 2/3*(1 + 2). What is the greatest common divisor of w and d?
2
Let a(i) = -i**2 - 14*i - 14. Let r be a(-10). Let k = r - -26. Calculate the highest common divisor of 13 and k.
13
Let v(h) = -9*h**2 + 38*h - 8. Let g be v(3). Let x be -35*5/g*-34. Calculate the greatest common divisor of 34 and x.
34
Let j = 18 - 9. Let b be (j/(-6) - -1)*(-4 - 96). Calculate the highest common factor of 125 and b.
25
Let m = 122 - 127. Let c be 40 - (-3 - 4 - m). Calculate the greatest common divisor of 105 and c.
21
Suppose -5*c - 20 = 0, -4*a + 11289 = a - c. Calculate the highest common factor of 111 and a.
37
Suppose -57*x + 1717 = 43*x - 8783. Calculate the greatest common divisor of x and 1743.
21
Let b(c) = -25*c**3 - 2*c - 2. Let u be b(-2). Suppose -4*v - 3*y = -u, 10*y - 10 = 5*y. Let n = 50 - v. What is the highest common factor of n and 1?
1
Suppose -3703 - 4826 = -9*q - 564. Calculate the highest common divisor of q and 15.
15
Let u(f) be the first derivative of -f**2/2 + 8*f + 26. Let k be u(5). Let i be (4/(-4))/(k/(-36)). Calculate the greatest common factor of i and 12.
12
Let l(v) = 13*v**3 + v**2 + 3*v + 15. Let t be l(-6). Let s = t + 1977. Let m = s - -1172. Calculate the highest common factor of m and 34.
34
Suppose -3*w - 4*q - 8 = -250, w - 2*q = 74. Let o be (-26)/1*(-2 + 1). Calculate the greatest common factor of w and o.
26
Suppose 14*v = 8*v + 66. Let z be 68/(-51) + 2/6. Let l be 86 - (1 + -2 + z). Calculate the highest common divisor of v and l.
11
Let i(q) = -134*q + 544. Let o be i(4). Calculate the greatest common divisor of o and 108.
4
Let v = -84 - -88. Let b(c) = 29*c - 54. Let m be b(v). Calculate the highest common divisor of m and 186.
62
Let i = 4753 - 1393. Let j be (i/(-200))/(8/5 + -2). Calculate the greatest common divisor of j and 9.
3
Suppose -498 = -n + 3*x, 2*x + 13 = 1. Calculate the highest common factor of n and 300.
60
Let i be 67 - ((0 - 2) + -2). Suppose -i*r = -74*r. Suppose 3*k = f - r*f - 216, 2*f = -4*k + 412. Calculate the greatest common divisor of 30 and f.
30
Suppose 431 = 4*w - 317. Let a(j) = -2*j**2 + 16*j - 26. Let m be a(10). Let z = m + 83. What is the highest common divisor of w and z?
17
Let f = 3428 + -2511. Calculate the highest common factor of f and 1441.
131
Let d(t) = t + 77. Let z be d(-6). Suppose z*p - 69*p = 200. Let k = 64 - 39. What is the highest common divisor of p and k?
25
Suppose -2*u - 19*u + 25990 = 3352. Calculate the highest common factor of 44 and u.
22
Suppose -1224 = -175*v + 124*v. What is the highest common divisor of 159 and v?
3
Suppose 42*t = -41*t + 498. Suppose -o + 175 = 3*x, -5*o - 6 = -2*x + 105. Calculate the highest common divisor of x and t.
2
Suppose 3*r = 5*x + 1096, -3*x + r - 5*r - 675 = 0. Let d = -151 - x. Let q be 4/6*21/2*5. Calculate the highest common divisor of q and d.
35
Suppose -3*k + 5*u + 43 = 0, 2*k + 4*u - 28 = 7*u. Suppose 0 = 2*h + k*h + 91. Let r be (1 - h/(-5))*-275. Calculate the highest common factor of r and 22.
22
Let v(z) = 3*z**2 - 2*z - 4. Let j be v(4). Suppose 9*u = 3*u + 60. Suppose -u = -k - 6. Calculate the highest common factor of j and k.
4
Suppose u = 4*j - 348, u - 87 = -j - 4*u. Let t = j + -79. Calculate the highest common divisor of 20 and t.
4
Let t(r) = -4*r - 12. Let w be t(-5). Suppose b = -3*x - 3*b + 2, -2*x + 2*b = w. Let v be (x*1/2)/((-5)/100). What is the greatest common factor of v and 5?
5
Suppose d = -2*d + 10800. Suppose -f = -6*f + d. Suppose -6*m + f = 3*m. Calculate the highest common factor of 5 and m.
5
Let j = 218 + -138. Let w be (-110110)/(-1573) + -8 + 2. Calculate the greatest common factor of w and j.
16
Let o = 8 - 3. Let n(x) be the third derivative of x**4/8 - 41*x**3/3 - 120*x**2. Let u be n(29). What is the highest common factor of o and u?
5
Let u(b) = -5*b**2 + 28*b**2 + 11 + 121*b + 3*b**3 - 130*b - 4. Let t be u(-8). Calculate the greatest common divisor of t and 450.
15
Suppose 12 = 4*o, 4*t + 7*o - 110 = 5*o. What is the greatest common divisor of 26 and t?
26
Suppose 88*d - 46 = 130. Suppose -b - 1 = p + p, -3*b = 2*p - 9. Suppose 2*y + b*s = 31, 0 = 2*y - s - 2*s - 39. What is the greatest common factor of d and y?
2
Let v be ((-473)/(-11)*2/2)/(-1). Let n = 55 + v. What is the highest common factor of 36 and n?
12
Suppose -9*m + 8 = -13*m. Let q be (-9)/m - ((-28)/(-8) + -3). Let t be -11*(3 + (-5 - q)). Calculate the highest common factor of t and 99.
33
Suppose 0 = -5*d - 4*n + 186, -26*n = -2*d - 19*n + 126. Calculate the highest common factor of 2030 and d.
14
Let d be (5/(-3))/(235/(-1692)). Let w = 260 - 212. What is the greatest common factor of w and d?
12
Suppose -3*c = 2*y + 32 - 124, -c + y = -34. Calculate the highest common factor of c and 94.
2
Let o be (132/(-726) - (-2253)/231) + (-3)/(-7). What is the highest common factor of o and 37010?
10
Let v = 348 + -345. Suppose v*c - 4*g = 130, 2*g - 5 = -5*c + 177. What is the highest common divisor of 95 and c?
19
Let d be (-1)/3*-1*0. Suppose d = -51*r + 20*r + 620. Calculate the highest common factor of 80 and r.
20
Let g be (28/4 - 5) + 78. Let a = g + -70. Suppose 100 = 2*j - 2*v - 10, 4*j - 210 = 2*v. Calculate the greatest common factor of j and a.
10
Suppose 0 = 10*q + 1469 - 299. Let l = 119 + q. Calculate the greatest common factor of 18 and l.
2
Let f = -1062 - -1138. Calculate the highest common divisor of f and 2432.
76
Let q be (-25029)/(-21) - (-6)/42. Calculate the greatest common factor of 32 and q.
8
Let q = 25130 + -25107. Calculate the highest common factor of q and 2875.
23
Suppose -2*y - 2*v = -106, -3*v + 102 + 109 = 4*y. What is the greatest common factor of y and 4316?
52
Let p(k) = k**2 + 5*k. Let z be p(1). Suppose -4*j = -z*j - 5*m + 62, -5*m = -10. Calculate the highest common factor of j and 2.
2
Let l(f) = f**2 - f + 7. Let r be l(5). Suppose 12*m - y + 531 = 8*m, -m + 4*y = 144. Let j be (495/m)/(1/(-36)). What is the highest common divisor of j and r?
27
Suppose -27*m - 44 = -108 - 260. What is the greatest common factor of m and 23412?
12
Let i = 13243 + -12589. Calculate the highest com